-678017
What is 6a2062 (base 11) in base 13?
300937
36035b6 (base 12) to base 14
1562bd8
Convert -61159 (base 14) to base 12.
-b3177
What is -6000642 (base 9) in base 3?
-20000000201102
What is -7aebe (base 15) in base 14?
-a2930
23133400 (base 5) to base 2
110010111011011000
885634 (base 15) to base 12
22146aa
Convert 27470 (base 10) to base 9.
41612
-14386676 (base 9) to base 5
-3312041142
-43023 (base 6) to base 5
-141342
-3639264 (base 10) to base 15
-4bd479
-21021212222020 (base 3) to base 4
-32302020033
What is 1023120231 (base 4) in base 15?
61756
What is 1ae43d (base 15) in base 16?
140c29
997158 (base 14) to base 10
5205642
-140672 (base 8) to base 16
-c1ba
319223 (base 12) to base 2
10111111001011111011
Convert -551a6a (base 13) to base 15.
-29884a
What is -1011001100011001 (base 2) in base 5?
-2431344
What is 220010211121101 (base 3) in base 12?
4368a01
What is -222011222 (base 3) in base 8?
-45220
What is 200310300 (base 4) in base 3?
20211102120
71994 (base 12) to base 7
1155220
What is -110112000222 (base 3) in base 15?
-4d038
What is 10111000011011101 (base 2) in base 10?
94429
-402413040 (base 5) to base 11
-9a8625
What is -59184 (base 13) in base 2?
-100111110000100111
Convert 270ee (base 16) to base 4.
213003232
What is 22242041 (base 6) in base 9?
1237057
What is -100011010101110001001 (base 2) in base 8?
-4325611
What is 232334142 (base 6) in base 15?
5a522e
-116442 (base 7) to base 13
-9a23
Convert 1123102 (base 4) to base 11.
4431
83386c (base 13) to base 15
407d0a
What is -231040302 (base 5) in base 16?
-fc663
What is -a5a4 (base 16) in base 3?
-2011011112
Convert -10101000111101010 (base 2) to base 5.
-10232011
Convert 115239 (base 11) to base 13.
65187
Convert -d0f2c (base 16) to base 14.
-183c84
What is -787e4a (base 15) in base 9?
-11730037
-288d2 (base 16) to base 12
-80156
100013322 (base 4) to base 3
10100121000
14420045 (base 8) to base 9
6156182
Convert 3491850 (base 11) to base 6.
334332214
What is -4937b (base 15) in base 3?
-102212112022
What is -18aa7d (base 15) in base 7?
-13126660
Convert -121100220 (base 3) to base 7.
-46533
-10332242 (base 6) to base 9
-518048
Convert -24320041 (base 5) to base 2.
-111000000000010100
Convert 7433165 (base 8) to base 4.
13203121311
What is -a232 (base 13) in base 12?
-10b25
-7a07 (base 15) to base 4
-12110122
Convert 1e000a (base 16) to base 6.
110050134
Convert 8074895 (base 10) to base 5.
4031344040
Convert 205303233 (base 6) to base 15.
4b68a6
Convert a3c9 (base 15) to base 4.
20130312
Convert 13954 (base 12) to base 14.
9d28
230440432 (base 6) to base 7
51000242
Convert -10399 (base 12) to base 15.
-6490
-2b4 (base 14) to base 4
-20212
Convert -1142174 (base 9) to base 13.
-1885a8
20120002122 (base 3) to base 12
62868
-4eca63 (base 16) to base 2
-10011101100101001100011
Convert 1030763 (base 10) to base 5.
230441023
What is 12510241 (base 6) in base 4?
1210331101
-1ca7c (base 15) to base 4
-112310310
What is -14142432 (base 5) in base 12?
-70a21
Convert -166733 (base 8) to base 2.
-1110110111011011
-741631 (base 8) to base 10
-246681
What is -725132 (base 9) in base 11?
-27425a
244414234 (base 5) to base 7
12641626
What is -132593 (base 10) in base 4?
-200113301
What is 2308260 (base 9) in base 15?
19931c
Convert 104231 (base 10) to base 7.
612611
Convert 267e8 (base 15) to base 13.
44171
Convert -12201221210 (base 3) to base 4.
-123211002
Convert -37a50 (base 12) to base 9.
-124876
What is -182498 (base 12) in base 15?
-84198
What is 234c24 (base 13) in base 14?
17bb2b
5222421 (base 6) to base 11
162383
What is -2010222 (base 3) in base 12?
-aa5
1010111010001011101010 (base 2) to base 7
33210322
Convert -1051566 (base 11) to base 16.
-1c2df6
-254dc (base 14) to base 9
-148500
What is -344a93 (base 12) in base 9?
-1516343
Convert 2a3492 (base 11) to base 7.
4010162
-1feba2 (base 16) to base 13
-583244
Convert 413423002 (base 5) to base 11.
a62504
What is -3a2e62 (base 16) in base 7?
-44260336
-338769 (base 11) to base 16
-83816
Convert -114a61 (base 14) to base 16.
-8fdcd
-11111101110001011 (base 2) to base 6
-2441311
What is -202304 (base 6) in base 4?
-3323200
-453164 (base 7) to base 13
-2a764
-202202232 (base 4) to base 3
-21012002020
What is -13032122133 (base 4) in base 7?
-22046001
What is 110241033 (base 7) in base 15?
8b0039
Convert -22b335 (base 13) to base 3.
-1112212220022
What is -204103 (base 11) in base 8?
-1177576
Convert 10110001110100 (base 2) to base 6.
124404
110000011011000111000001 (base 2) to base 12
4302055
What is -66bc (base 16) in base 14?
-9828
Convert -125315220 (base 6) to base 13.
-696348
Convert 15372762 (base 8) to base 13.
96a836
Convert 1101011110000010000 (base 2) to base 16.
6bc10
Convert -122101022200111 (base 3) to base 6.
-525554534
-3421411 (base 6) to base 4
-222133033
Convert -1044045 (base 7) to base 10.
-128658
What is 41105200 (base 6) in base 11?
733050
Convert -2264805 (base 10) to base 6.
-120313113
Convert b68571 (base 13) to base 16.
4137b6
What is 93903 (base 11) in base 13?
4a3a3
-100003102230 (base 4) to base 3
-21220210000000
Convert -22123200 (base 4) to base 10.
-42720
10010010001101011111 (base 2) to base 15
bc6a4
Convert 322922 (base 10) to base 4.
1032311222
-2036636 (base 8) to base 5
-114240222
Convert -11010001100110111 (base 2) to base 16.
-1a337
-33223323 (base 5) to base 2
-1000110100110111101
Convert 2010002001101 (base 3) to base 4.
10102101202
What is -1635650 (base 8) in base 16?
-73ba8
What is -973141 (base 10) in base 9?
-1742807
Convert -415423 (base 9) to base 5.
-30343442
84472 (base 10) to base 4
110213320
What is ca4d35 (base 14) in base 11?
395a7a5
Convert -2b0819 (base 13) to base 2.
-100000010010101010011
Convert 29391e (base 15) to base 8.
7447772
What is -2c847b (base 15) in base 3?
-11001110002122
What is c5aba (base 14) in base 6?
14115324
7c4146 (base 13) to base 16
2d068e
-fc0e (base 16) to base 11
-44530
What is 535533 (base 6) in base 14?
120a5
Convert -3a1b53a (base 12) to base 9.
-23546811
Convert 152352 (base 6) to base 16.
39ec
Convert -22230240 (base 5) to base 10.
-195695
-1007744 (base 8) to base 11
-172011
Convert 1020424253 (base 6) to base 5.
10213002413
What is -abbc (base 13) in base 16?
-5db0
Convert 100362303 (base 7) to base 4.
112033131000
What is 342401340 (base 5) in base 7?
15663550
What is -10010010110111010001 (base 2) in base 5?
-123222203
What is 1424414 (base 6) in base 15?
1919a
Convert -20010000111 (base 3) to base 8.
-352752
What is 12013032 (base 5) in base 9?
177377
Convert -12010333233 (base 4) to base 12.
-64a093
-211000001111 (base 3) to base 11
-276407
What is 12fb5 (base 16) in base 10?
77749
-45415 (base 12) to base 7
-532511
What is 103233220113 (base 4) in base 10?
5175831
What is -12010212011 (base 3) in base 13?
-370c9
What is -6896e (base 16) in base 8?
-1504556
110660231 (base 7) to base 15
8c6442
301202202 (base 4) to base 11
1294a8
Convert 33123121 (base 4) to base 15.
13acd
What is -1021101121010101 (base 3) in base 6?
-1451430231
-101110101111101011 (base 2) to base 13
-691c3
Convert -110110011110111010 (base 2) to base 3.
-102100010021
-2094b7 (base 12) to base 14
-d5415
2143233 (base 7) to base 11
16a544
What is 111076 (base 8) in base 15?
b15d
-47649 (base 16) to base 13
-a3143
3b02a (base 12) to base 11
56054
-1140313012 (base 5) to base 3
-12000110221011
Convert -1aa9 (base 12) to base 16.
-ce1
2000111002 (base 3) to base 16
9b27
What is 1422132 (base 7) in base 6?
4025353
What is -5001540 (base 6) in base 11?
-14a645
Convert 104136 (base 10) to base 4.
121123020
Convert -307418 (base 10) to base 15.
-61148
1374568 (base 9) to base 4
2321002022
What is a707 (base 15) in base 13?
1310b
494a50 (base 12) to base 7
13055310
What is 1d48db (base 15) in base 8?
5356656
-565760 (base 9) to base 4
-1102232331
What is -9249915 (base 11) in base 15?
-167ac69
What is -4131373 (base 8) in base 6?
-35242351
-463566 (base 9) to base 10
-278214
What is 580ca (base 13) in base 2?
100111001100100011
-1101000101101110001 (base 2) to base 15
-87143
What is -4043333001 (base 5) in base 6?
-451222325
Convert -1111000010110101 (base 2) to base 13.
-22081
Convert -145795 (base 11) to base 12.
-ab5b1
What is -2933cc (base 15) in base 4?
-13210231113
W